{"id":276,"date":"2013-06-21T14:01:25","date_gmt":"2013-06-21T13:01:25","guid":{"rendered":"http:\/\/www.myrtillevisscher.com\/?page_id=276"},"modified":"2019-10-23T12:10:28","modified_gmt":"2019-10-23T11:10:28","slug":"legers-sur-la-terre-lightly-on-earth-2","status":"publish","type":"page","link":"https:\/\/www.myrtillevisscher.com\/?page_id=276","title":{"rendered":"L\u00e9gers sur la Terre \/ <br> <i>Lightly on Earth <\/i>"},"content":{"rendered":"<p>projet en cours<br \/>\nFrance &#8211; Pays-Bas &#8211; Allemagne &#8211; Portugal \/<em> France &#8211; The Netherlands &#8211; Germany &#8211; Portugal<br \/>\n<\/em><\/p>\n<p>Au d\u00e9part, c&rsquo;est la vue sur un horizon de modernit\u00e9 au rythme bruyant, depuis le dix-huiti\u00e8me \u00e9tage de mon immeuble en b\u00e9ton, qui m&rsquo;a oppress\u00e9e. Je me sentais pr\u00e9occup\u00e9e par le besoin de trouver autre chose.<br \/>\nVivre plus simplement? Peser moins lourd sur la terre? Je suis all\u00e9e chercher des traces de r\u00e9ponses \u00e0 ce questionnement. Et je me suis rendue compte que je n&rsquo;\u00e9tais pas seule \u00e0 chercher.<\/p>\n<p>Avec ce projet photo, je rencontre sur la dur\u00e9e des personnes qui font un choix singulier ; celui de vivre dans un habitat dit \u201cl\u00e9ger\u201d (yourte, cabane, roulotte), pour se rapprocher de la nature, pour r\u00e9duire les d\u00e9penses (d&rsquo;argent, d&rsquo;\u00e9nergie), ou par conviction politique ou sociale.<\/p>\n<p>En s\u00e9journant dans diff\u00e9rents lieux collectifs, je partage des moments de vie, et photographie une partie de la jeunesse d&rsquo;aujourd&rsquo;hui. Ceux qui, comme moi, sont en qu\u00eate de sens dans les activit\u00e9s de tous les jours et dans le rapport aux choses, aux mati\u00e8res, aux espaces, aux gens. Ils se diff\u00e9rencient des hippies des ann\u00e9es 1970 par leur pragmatisme et leur int\u00e9gration dans le monde actuel. Ils mettent en pratique leurs id\u00e9es, et vivent au quotidien des alternatives, leurs solutions face \u00e0 \u00ab\u00a0la crise\u00a0\u00bb.<br \/>\nIls pr\u00e9f\u00e8rent \u00eatre plut\u00f4t qu&rsquo;avoir, et sont pr\u00eats \u00e0 changer de vie. Beaucoup de ceux que je rencontre sont pass\u00e9s par la ville, ou y vivent encore, \u00e0 leur mani\u00e8re. Ils ont fait des \u00e9tudes, certains sont devenus ing\u00e9nieurs, et ont finalement choisi cet autre mode de vie. D&rsquo;autres sont n\u00e9s \u00e0 la campagne, et d\u00e9cident activement d&rsquo;y rester, ou d&rsquo;y revenir avec des projets. C&rsquo;est leur d\u00e9termination, l&rsquo;affirmation de leur individualit\u00e9 et de leur libre arbitre, que je guette et c\u00f4toie.<\/p>\n<p>Pour mener \u00e0 bien cette enqu\u00eate \u00e0 la fois personnelle et collective, je photographie au moyen format argentique, pour prendre le temps de poser un regard intime. Je dessine des plans de chaque lieu, d&rsquo;o\u00f9 ressort mon interpr\u00e9tation de l&rsquo;espace. J&rsquo;enregistre des sons, des ambiances, plut\u00f4t des moments ressentis que des paroles. Je m&rsquo;int\u00e9resse aux visages et aux couleurs, \u00e0 la beaut\u00e9 des simples choses qui explique en partie ce choix de vie.<\/p>\n<p>Ce projet se d\u00e9veloppe depuis 2008, dans diff\u00e9rents lieux o\u00f9 je retourne plusieurs fois, en France, aux Pays-Bas, en Allemagne et au Portugal. Il a b\u00e9n\u00e9fici\u00e9 d&rsquo;une aide individuelle \u00e0 la cr\u00e9ation de la Drac Midi-Pyr\u00e9n\u00e9es, et d&rsquo;une aide au projet de l&rsquo;Office Franco-Allemand pour la Jeunesse.<\/p>\n<p>\/<\/p>\n<p><em>Some people seem to live on the fringe but really are inside our society. I photograph them to recognize the claim for a different well-being.<\/em><br \/>\n<em>With the project \u00ab\u00a0Lightly on Earth\u00a0\u00bb I look at them who build and live in their yurts, their tipi&rsquo;s or their huts. The places and the usual objects, their woodstoves and their selfmade shelves, talk about the simple beauty of things. Here I use photography as a proof of hope in evolution towards more respect and more happinesses.<\/em><\/p>\n","protected":false},"excerpt":{"rendered":"<p>projet en cours France &#8211; Pays-Bas &#8211; Allemagne &#8211; Portugal \/ France &#8211; The Netherlands &#8211; Germany &#8211; Portugal Au d\u00e9part, c&rsquo;est la vue sur un horizon de modernit\u00e9 au rythme bruyant, depuis le dix-huiti\u00e8me \u00e9tage de mon immeuble en b\u00e9ton, qui m&rsquo;a oppress\u00e9e. Je me sentais pr\u00e9occup\u00e9e par le besoin de trouver autre chose. [&hellip;]<\/p>\n","protected":false},"author":1,"featured_media":0,"parent":0,"menu_order":0,"comment_status":"closed","ping_status":"open","template":"","meta":{"footnotes":""},"class_list":["post-276","page","type-page","status-publish","hentry"],"_links":{"self":[{"href":"https:\/\/www.myrtillevisscher.com\/index.php?rest_route=\/wp\/v2\/pages\/276","targetHints":{"allow":["GET"]}}],"collection":[{"href":"https:\/\/www.myrtillevisscher.com\/index.php?rest_route=\/wp\/v2\/pages"}],"about":[{"href":"https:\/\/www.myrtillevisscher.com\/index.php?rest_route=\/wp\/v2\/types\/page"}],"author":[{"embeddable":true,"href":"https:\/\/www.myrtillevisscher.com\/index.php?rest_route=\/wp\/v2\/users\/1"}],"replies":[{"embeddable":true,"href":"https:\/\/www.myrtillevisscher.com\/index.php?rest_route=%2Fwp%2Fv2%2Fcomments&post=276"}],"version-history":[{"count":6,"href":"https:\/\/www.myrtillevisscher.com\/index.php?rest_route=\/wp\/v2\/pages\/276\/revisions"}],"predecessor-version":[{"id":704,"href":"https:\/\/www.myrtillevisscher.com\/index.php?rest_route=\/wp\/v2\/pages\/276\/revisions\/704"}],"wp:attachment":[{"href":"https:\/\/www.myrtillevisscher.com\/index.php?rest_route=%2Fwp%2Fv2%2Fmedia&parent=276"}],"curies":[{"name":"wp","href":"https:\/\/api.w.org\/{rel}","templated":true}]}}